se 2*q = 5*r + 2322, -2*q - 2*r + a = -25. Is q a composite number?
False
Suppose 19 - 54 = -t. Suppose -18947 = -36*p + t*p. Is p a composite number?
False
Let m be ((-4)/3)/(12/(-1251)). Suppose -m*n - 1816 = -143*n. Is n a composite number?
True
Suppose -8*t + 5*b = -269422, 3*t - 3*b - 60590 - 40441 = 0. Is t composite?
False
Let a = 1760 + 1419. Suppose -5*y - 2*d + 8490 = -a, 5*y - 2*d - 11661 = 0. Is y a composite number?
False
Suppose -133*j = -69*j - 1085248. Is j composite?
True
Let d = 2 - -4. Let k be (-16)/d*43536/(-64). Suppose k = 15*l - 13*l. Is l a composite number?
False
Suppose 5 + 7 = -3*f, -2*f + 7 = 3*u. Suppose 2*c = m - 1829, -3*m + 3661 = -m - u*c. Is m a composite number?
False
Suppose 92 = 3*d + i, -140 = -5*d + i - 0*i. Suppose 31*k = d*k + 662. Is k a composite number?
False
Suppose 2 = 3*r + 14, 2*r + 44 = 4*x. Suppose 0 = -x*s + 20259 + 21222. Is s a prime number?
False
Let c(f) = 406*f**3 + 11*f**2 + 7*f - 79. Is c(8) composite?
False
Suppose -47*x + 80 = -61. Let d(u) = -u - 11. Let m be d(-11). Suppose m = x*g - 4875 - 2718. Is g a composite number?
False
Is -321521*(-16 + 23 + -8) prime?
False
Let s be 1 - (0 - -4)/(28/133). Is (-564)/s*2373/14 composite?
True
Suppose -250*i - 1253249 + 4955499 = 0. Is i prime?
False
Suppose -34 = 8*z + 46. Let v = -10 - z. Suppose -6*b + 432 + 1794 = v. Is b composite?
True
Let m(g) = 29*g**2 - 11*g - 13. Let x = 116 + -105. Suppose -54 = x*q + 78. Is m(q) composite?
True
Let x(o) = 16455*o - 29. Is x(8) prime?
True
Suppose 0 = 4*l + 45 - 189. Let z = -31 + l. Suppose z*y - 6051 = 2*y. Is y prime?
True
Let a(w) = -3*w**3 - 13*w**2 - 10*w + 3. Suppose 3*l + 39 = 15. Is a(l) a prime number?
True
Let w be (0 - -3) + (1804 - 47). Suppose w = 2*j - 434. Is j a composite number?
False
Suppose 0 = -3*b - 0*l + 2*l + 6, -2*b = l - 11. Let t(g) = 908*g**2 - 13*g + 13. Is t(b) composite?
False
Is (10 - 12) + (511693 - -6) + (2 - 8) a prime number?
True
Suppose -7*z + 0 + 49 = 0. Suppose -c - 2*n + z*n + 2414 = 0, 12099 = 5*c + 4*n. Is c a prime number?
False
Suppose 2*g - 144663 = -5*u, -u - 4*g + 7802 = -21127. Is u prime?
True
Is (-72)/48*(337828/3)/(-2) a prime number?
True
Let z be (-27278)/(-1*(-2 - 0)). Let p = z - -19620. Is p a composite number?
False
Let x(p) = 6*p**2 + p - 1. Let y be x(-5). Let b(k) = -16*k + 2. Let q be b(-5). Let n = q + y. Is n a prime number?
False
Let y = -7588 - -4975. Let g = 7418 - y. Is g composite?
True
Let v be -12*(14/(-35) - 4/15). Let x(b) = -4 - v - 1 + 98*b. Is x(4) composite?
False
Let j = 201107 - -1409430. Is j prime?
True
Let q = -11 - -3. Let b(n) = -n - 6. Let w be b(q). Suppose -4*a = -5*l + 83, 4*l - 26 = w*l + 4*a. Is l a composite number?
False
Let p = -99383 + 178162. Is p a composite number?
False
Suppose -581*w + 620*w - 4542837 = 0. Is w a prime number?
True
Let h be -3 + 0 + (-290)/(-1). Suppose -289*m + h*m = -5878. Is m a composite number?
False
Let j(x) = 148*x + 1. Let k be 306/(-14) - (-1 - (-16)/14). Let u(z) = -z**2 - 21*z + 28. Let t be u(k). Is j(t) composite?
True
Let x = -23 - -44. Suppose -23*k + x*k + 8 = 0. Suppose k*i + i - 1655 = 0. Is i a prime number?
True
Is (-14 - (-95956 + 16))/(4/6) prime?
False
Let s(h) = -h**2 - 14*h + 13. Let o be s(-15). Let y(f) = -3*f - 4. Let j be y(o). Suppose 0 = j*m + 153 - 559. Is m composite?
True
Let g(u) be the third derivative of u**5/5 + 7*u**4/24 + 5*u**3/2 + 16*u**2. Let i be g(10). Suppose i = 3*y + 2*y. Is y composite?
False
Suppose 104*z + 12585 = 109*z. Suppose -t = 4*s - z + 260, 2*s - 3*t - 1111 = 0. Is s a prime number?
True
Let p be -56*(2/10 + (-34)/70). Let v(u) = u**3 - 3*u**2 + 21*u - 17. Is v(p) composite?
True
Let b be (36/(-28) - 8/(-28))*0. Let c(l) = -l**2 - 4*l + 1895. Is c(b) a prime number?
False
Is 0 + 5 + 748844 + 28/7 a prime number?
False
Let w(t) = 559*t - 15. Let o be w(12). Let z be 2/(-4) + o/6. Suppose -5*b = 5*j - z, 5*b = 3*b + 4. Is j composite?
True
Is 28044 + (2 - 37)/7 prime?
False
Suppose 20*d - 65*d = -2094705. Is d composite?
False
Let p(h) = 1804*h. Let o(g) = -4331405*g. Let a(u) = 3*o(u) + 7204*p(u). Is a(1) a composite number?
False
Suppose 23*c - 4*c + 18392 = 0. Let g = c - -1789. Is g composite?
False
Suppose -3*t = c + 888, 3*t = -3*c + 811 - 3445. Let o = c + 1990. Let s = o + -152. Is s a composite number?
True
Suppose 5*h - 32300 = 3*d, -18*h + 21*h = 3*d + 19374. Is h a prime number?
False
Let r(v) be the second derivative of -115*v**3 - v**2/2 - 540*v. Let t(n) = -n**2 - 4*n - 4. Let s be t(-3). Is r(s) composite?
True
Let s(j) = 5*j + 10. Let z be s(-2). Suppose z = 7*w - 3228 - 12907. Is w a composite number?
True
Let k(i) = i**2 + 4*i - 1. Let z be k(8). Let b = 73 - z. Is 4 - b*1585/10 a prime number?
True
Suppose d - 10235 = -p, -4*d + 4*p - 24864 = -65772. Is d a composite number?
True
Let s(j) = -22*j - 208. Let r be s(-9). Let t(h) = -1595*h - 169. Is t(r) a prime number?
False
Suppose 4*x - 7 = 9. Suppose x*o - 919 = 393. Suppose -2*n + o = -54. Is n prime?
True
Let w = 344060 - 202004. Suppose -9*h = -11*h + w. Is h/(-24)*(-4)/6 composite?
False
Suppose 6*c - 9730 = 8774. Suppose -12501 = -15*i + c. Is i prime?
True
Is -57548*9/(-6) + (-9)/(-3) + -4 a prime number?
False
Let r = -3521 + 12814. Is r prime?
True
Suppose 0 = 4*x + b - 15586, 4*b - 7772 = 28*x - 30*x. Is x a composite number?
True
Suppose -2587 - 991 = -2*i. Suppose -3*b - 22 = -4*m, -17*m + 5*b = -15*m - 18. Suppose -4*l = -2*u - 480 + 4022, -m*l = u - i. Is u a composite number?
False
Let p be 933*((-2)/6 + 1). Suppose -28*x = -55*x + 22*x + 6175. Let r = x - p. Is r a prime number?
True
Suppose -29*t + 8*t = 63. Is 10/(-15) - ((-975775)/t)/(-5) a composite number?
True
Suppose -4*y - 2*m = -18682, 3*m - 6448 = -2*y + 2883. Suppose -y = -9*k + 48778. Is k a prime number?
True
Let x be (-6 + 11)*(-2 - (-12)/5). Let f be ((-24)/(-84))/(x/56). Suppose -1664 - 1512 = -f*g. Is g prime?
True
Let i(o) = 21056*o**2 + 409*o + 2034. Is i(-5) composite?
True
Let w = -11225 + 16720. Let k = w + 3098. Is k a prime number?
False
Let n(q) = 125794*q - 3715. Is n(6) a composite number?
True
Let t(r) = 140*r**2 + 15. Let p be t(-5). Suppose p = 13*f - 13580. Is f a composite number?
True
Let u(f) = -f**3 + 12*f**2 + 17*f - 15. Let i = 138 - 68. Suppose i = 7*q - 7. Is u(q) prime?
True
Suppose -14*m = 5*m - 456. Suppose 2*p - 4*s = m, 0*p - 26 = -3*p + 4*s. Suppose 0 = z - 4*z + p*b + 9469, 5*z = 2*b + 15779. Is z a composite number?
True
Suppose -5*c + 5 = -4*c. Suppose -m = m - 4, 4*a + c*m = -10. Is (-5445)/(-6) - a/(-50)*5 a prime number?
True
Let c(r) = 2*r**3. Let s be c(1). Let k(y) = y**2 + 17*y + 62. Let a be k(-6). Is 86 + a + 14/s prime?
True
Is (188640/50)/((-2)/(-115)) + (-55)/(-11) composite?
True
Suppose 16*t = 19*t + 2*d - 3955, 4*t - 2*d = 5292. Suppose 4*v + 5 = -0*v - 5*w, w + 10 = v. Suppose -v*n + 1574 = -t. Is n a composite number?
True
Let h(b) = -b**2 + 28*b - 44. Let p be h(16). Let q = -57 + p. Is q prime?
False
Let d be 14108 - ((-20)/5 + 1 + 1). Suppose 26*z = 16*z + d. Is z a prime number?
False
Suppose -9046318 = 6*u - 36*u - 670228. Is u a composite number?
False
Suppose 21*o = 161 - 56. Let y be (-2 + 5/2)*10. Suppose k - 787 = -t - 3*k, -y*k + 3980 = o*t. Is t a composite number?
True
Let y(d) = -d**3 + 11*d**2 + 14*d - 10. Let u be y(12). Suppose -4*b + 19 = -3*v, -2*v = -2*b - 2*b + u. Is 258 - (-3 + 4)*b prime?
True
Let a = 45049 - 30842. Is a prime?
True
Let m(z) = 91*z + 111. Let h be m(22). Suppose 191524 + h = 23*u. Is u prime?
True
Suppose m - 49421 = -3*t, m = -13*t + 14*t + 49405. Is m a composite number?
False
Suppose 3*x - x + 816 = -5*m, -4*x = 12. Let b(a) = -91*a - 140. Let z be b(-9). Let j = z - m. Is j a prime number?
False
Let f(a) = 608*a**2 + 35*a + 170. Is f(-9) a prime number?
True
Suppose 52*p + 2140172 = 11743896. Is p prime?
True
Suppose 1061 - 111612 = -17*z. Is z a prime number?
False
Suppose -5*v - 5*i = -696210, 4*v + i - 826326 + 269343 = 0. Is v prime?
False
Let u be (-2 - 20)/((-3 - 2) + 3). Suppose 16320 = u*g - 18473. Is g prime?
True
Let c be 199/(4 - 45/12). Suppose -6*v = -c + 34. Suppose -18*s + 17*s = -v. Is s prime?
True
Let d = -46 - -105. Let f = d + -143. Let z = 13 - f. Is z composi